{"id":1072,"date":"2019-09-16T11:26:32","date_gmt":"2019-09-16T10:26:32","guid":{"rendered":"http:\/\/taekwondoazursport.com\/?page_id=1072"},"modified":"2022-08-17T19:20:15","modified_gmt":"2022-08-17T18:20:15","slug":"salles","status":"publish","type":"page","link":"http:\/\/taekwondoazursport.com\/?page_id=1072","title":{"rendered":"SALLES"},"content":{"rendered":"\n\t<section class=\"section info-card-1\" id=\"section_1159445365\">\n\t\t<div class=\"bg section-bg fill bg-fill  bg-loaded\" >\n\n\t\t\t\n\t\t\t\n\t\t\t\n\n\t\t<\/div><!-- .section-bg -->\n\n\t\t<div class=\"section-content relative\">\n\t\t\t\n\n<div class=\"row row-full-width align-middle align-center\"  id=\"row-1609394976\">\n\n<div class=\"col medium-10 small-12 large-10\"  ><div class=\"col-inner text-center\" style=\"padding:0px 0px 0px 0px;margin:0px 0 0px 0px;\" >\n\n<h2><span style=\"font-size: 150%; color: #ffcc00;\">NOS SALLES<\/span><\/h2>\n<p class=\"lead\"><span style=\"color: #ffffff;\">Pour plus de proximit\u00e9, nous mettons \u00e0 votre disposition 8 salles r\u00e9parties dans toute la ville :<br \/>NICE Nord, NICE Centre, NICE Ouest, NICE Est, NICE Collines<\/span><\/p>\n\n<\/div><\/div>\n\n\n<style scope=\"scope\">\n\n<\/style>\n<\/div>\n<div class=\"row row-small align-equal\" style=\"max-width:1200px\" id=\"row-1654391242\">\n\n<div class=\"col medium-6 small-12 large-6\"  ><div class=\"col-inner\" style=\"background-color:rgb(0,0,0);\" >\n\n\t<div class=\"box has-hover   has-hover box-push box-text-bottom\" >\n\n\t\t<div class=\"box-image\" >\n\t\t\t\t\t\t<div class=\"image-zoom image-cover\" style=\"padding-top:70%;\">\n\t\t\t\t<img loading=\"lazy\" decoding=\"async\" width=\"4032\" height=\"3024\" src=\"http:\/\/taekwondoazursport.com\/wp-content\/uploads\/2019\/09\/IMG_1144.jpeg\" class=\"attachment-original size-original\" alt=\"\" srcset=\"http:\/\/taekwondoazursport.com\/wp-content\/uploads\/2019\/09\/IMG_1144.jpeg 4032w, http:\/\/taekwondoazursport.com\/wp-content\/uploads\/2019\/09\/IMG_1144-300x225.jpeg 300w, http:\/\/taekwondoazursport.com\/wp-content\/uploads\/2019\/09\/IMG_1144-768x576.jpeg 768w, http:\/\/taekwondoazursport.com\/wp-content\/uploads\/2019\/09\/IMG_1144-1024x768.jpeg 1024w\" sizes=\"auto, (max-width: 4032px) 100vw, 4032px\" \/>\t\t\t\t\t\t\t\t\t\t\t<\/div>\n\t\t\t\t\t<\/div><!-- box-image -->\n\n\t\t<div class=\"box-text text-center\" style=\"background-color:rgb(255, 255, 255);padding:20px 5% 20px 5%;\">\n\t\t\t<div class=\"box-text-inner\">\n\t\t\t\t\n\n<h2>NICE CENTRE<\/h2>\n<h3><span style=\"color: #333333;\"><span style=\"caret-color: #ffff00;\">Gymnase Albert CALMETTE<\/span><\/span><\/h3>\n<p><span style=\"color: #333333;\">5, av. Mar\u00e9chal Foch 06000 NICE<\/span><\/p>\n<p><span style=\"color: #333333;\"><span style=\"color: #d83131;\"><strong>ENFANTS :<\/strong><\/span> Mercredi. 17h30 &amp; Sam.14h30<\/span><\/p>\n<p><span style=\"color: #333333;\"><span style=\"color: #d83131;\"><strong>ADOS et JEUNES GRADES : <\/strong><span style=\"font-size: 80%;\"><em><span style=\"color: #333333;\">(self d\u00e9fense)<\/span><\/em><\/span><\/span> \u00a0Mercredi 18h30<\/span><\/p>\n\n\t\t\t<\/div><!-- box-text-inner -->\n\t\t<\/div><!-- box-text -->\n\t<\/div><!-- .box  -->\n\t\n\n<\/div><\/div>\n<div class=\"col medium-6 small-12 large-6\"  ><div class=\"col-inner\" style=\"background-color:rgb(0,0,0);\" >\n\n\t<div class=\"box has-hover   has-hover box-push box-text-bottom\" >\n\n\t\t<div class=\"box-image\" >\n\t\t\t\t\t\t<div class=\"image-zoom image-cover\" style=\"padding-top:70%;\">\n\t\t\t\t<img loading=\"lazy\" decoding=\"async\" width=\"960\" height=\"705\" src=\"http:\/\/taekwondoazursport.com\/wp-content\/uploads\/2019\/09\/fuont-cauda-1.jpg\" class=\"attachment-original size-original\" alt=\"\" srcset=\"http:\/\/taekwondoazursport.com\/wp-content\/uploads\/2019\/09\/fuont-cauda-1.jpg 960w, http:\/\/taekwondoazursport.com\/wp-content\/uploads\/2019\/09\/fuont-cauda-1-300x220.jpg 300w, http:\/\/taekwondoazursport.com\/wp-content\/uploads\/2019\/09\/fuont-cauda-1-768x564.jpg 768w\" sizes=\"auto, (max-width: 960px) 100vw, 960px\" \/>\t\t\t\t\t\t\t\t\t\t\t<\/div>\n\t\t\t\t\t<\/div><!-- box-image -->\n\n\t\t<div class=\"box-text text-center\" style=\"background-color:rgb(255, 255, 255);padding:20px 5% 20px 5%;\">\n\t\t\t<div class=\"box-text-inner\">\n\t\t\t\t\n\n<h2>NICE NORD<\/h2>\n<h3><span style=\"color: #333333;\"><span style=\"caret-color: #ffff00;\"><a style=\"color: #333333;\" href=\"http:\/\/goo.gl\/maps\/4Vwqx\" target=\"_blank\" rel=\"noopener noreferrer\">Gymnase FUON CAUDA<\/a><\/span><\/span><\/h3>\n<p>78, av. Saint-Lambert 06100 NICE<br \/><span style=\"color: #d83131;\"><strong>ADULTES :<\/strong><\/span> Mardi &amp; Vendredi &#8211; 20h00<br \/><strong><span style=\"color: #d83131;\">ENFANTS :<\/span><\/strong> Lundi &amp; Vendredi &#8211; 18h15<\/p>\n\n\t\t\t<\/div><!-- box-text-inner -->\n\t\t<\/div><!-- box-text -->\n\t<\/div><!-- .box  -->\n\t\n\n<\/div><\/div>\n<div class=\"col medium-6 small-12 large-6\"  ><div class=\"col-inner\" style=\"background-color:rgb(0,0,0);\" >\n\n\t<div class=\"box has-hover   has-hover box-push box-text-bottom\" >\n\n\t\t<div class=\"box-image\" >\n\t\t\t\t\t\t<div class=\"image-zoom image-cover\" style=\"padding-top:70%;\">\n\t\t\t\t<img loading=\"lazy\" decoding=\"async\" width=\"1440\" height=\"1080\" src=\"http:\/\/taekwondoazursport.com\/wp-content\/uploads\/2019\/09\/rancher2.jpg\" class=\"attachment-original size-original\" alt=\"\" srcset=\"http:\/\/taekwondoazursport.com\/wp-content\/uploads\/2019\/09\/rancher2.jpg 1440w, http:\/\/taekwondoazursport.com\/wp-content\/uploads\/2019\/09\/rancher2-300x225.jpg 300w, http:\/\/taekwondoazursport.com\/wp-content\/uploads\/2019\/09\/rancher2-768x576.jpg 768w, http:\/\/taekwondoazursport.com\/wp-content\/uploads\/2019\/09\/rancher2-1024x768.jpg 1024w\" sizes=\"auto, (max-width: 1440px) 100vw, 1440px\" \/>\t\t\t\t\t\t\t\t\t\t\t<\/div>\n\t\t\t\t\t<\/div><!-- box-image -->\n\n\t\t<div class=\"box-text text-center\" style=\"background-color:rgb(255, 255, 255);padding:20px 5% 20px 5%;\">\n\t\t\t<div class=\"box-text-inner\">\n\t\t\t\t\n\n<h2>NICE COLLINES<\/h2>\n<h3><a href=\"http:\/\/goo.gl\/maps\/W3rlM\"><span style=\"color: #333333;\">Gymnase RANCHER<\/span><\/a><\/h3>\n<p><span style=\"color: #333333; font-size: 100%;\">24, Vieux Chemin de Gairaut<\/span><br \/><span style=\"color: #333333; font-size: 100%;\"><span style=\"color: #d83131;\"><strong>ENFANTS :<\/strong><\/span> Lundi &amp; Jeudi &#8211; 17h00<\/span><\/p>\n\n\t\t\t<\/div><!-- box-text-inner -->\n\t\t<\/div><!-- box-text -->\n\t<\/div><!-- .box  -->\n\t\n\n<\/div><\/div>\n<div class=\"col medium-6 small-12 large-6\"  ><div class=\"col-inner\" style=\"background-color:rgb(0,0,0);\" >\n\n\t<div class=\"box has-hover   has-hover box-push box-text-bottom\" >\n\n\t\t<div class=\"box-image\" >\n\t\t\t\t\t\t<div class=\"image-zoom image-cover\" style=\"padding-top:70%;\">\n\t\t\t\t<img loading=\"lazy\" decoding=\"async\" width=\"640\" height=\"473\" src=\"http:\/\/taekwondoazursport.com\/wp-content\/uploads\/2020\/08\/IMG_1958.jpg\" class=\"attachment-original size-original\" alt=\"\" srcset=\"http:\/\/taekwondoazursport.com\/wp-content\/uploads\/2020\/08\/IMG_1958.jpg 640w, http:\/\/taekwondoazursport.com\/wp-content\/uploads\/2020\/08\/IMG_1958-300x222.jpg 300w\" sizes=\"auto, (max-width: 640px) 100vw, 640px\" \/>\t\t\t\t\t\t\t\t\t\t\t<\/div>\n\t\t\t\t\t<\/div><!-- box-image -->\n\n\t\t<div class=\"box-text text-center\" style=\"background-color:rgb(255, 255, 255);padding:20px 5% 20px 5%;\">\n\t\t\t<div class=\"box-text-inner\">\n\t\t\t\t\n\n<h2>NICE NORD<\/h2>\n<h3><span style=\"color: #333333;\"><span style=\"caret-color: #ffff00;\"><a style=\"color: #333333;\" href=\"http:\/\/goo.gl\/maps\/4Vwqx\" target=\"_blank\" rel=\"noopener noreferrer\">Gymnase FUON CAUDA<\/a><\/span><\/span><\/h3>\n<p>78, av. Saint-Lambert 06100 NICE<br \/><span style=\"color: #d83131;\"><strong>ADULTES :<\/strong><\/span> Mardi &amp; Vendredi &#8211; 20h00<\/p>\n<p><\/p>\n\n\t\t\t<\/div><!-- box-text-inner -->\n\t\t<\/div><!-- box-text -->\n\t<\/div><!-- .box  -->\n\t\n\n<\/div><\/div>\n<div class=\"col medium-6 small-12 large-6\"  ><div class=\"col-inner\" style=\"background-color:rgb(0,0,0);\" >\n\n\t<div class=\"box has-hover   has-hover box-push box-text-bottom\" >\n\n\t\t<div class=\"box-image\" >\n\t\t\t\t\t\t<div class=\"image-zoom image-cover\" style=\"padding-top:70%;\">\n\t\t\t\t<img loading=\"lazy\" decoding=\"async\" width=\"2436\" height=\"1125\" src=\"http:\/\/taekwondoazursport.com\/wp-content\/uploads\/2019\/09\/IMG_2870-2.jpeg\" class=\"attachment- size-\" alt=\"\" srcset=\"http:\/\/taekwondoazursport.com\/wp-content\/uploads\/2019\/09\/IMG_2870-2.jpeg 2436w, http:\/\/taekwondoazursport.com\/wp-content\/uploads\/2019\/09\/IMG_2870-2-300x139.jpeg 300w, http:\/\/taekwondoazursport.com\/wp-content\/uploads\/2019\/09\/IMG_2870-2-768x355.jpeg 768w, http:\/\/taekwondoazursport.com\/wp-content\/uploads\/2019\/09\/IMG_2870-2-1024x473.jpeg 1024w\" sizes=\"auto, (max-width: 2436px) 100vw, 2436px\" \/>\t\t\t\t\t\t\t\t\t\t\t<\/div>\n\t\t\t\t\t<\/div><!-- box-image -->\n\n\t\t<div class=\"box-text text-center\" style=\"background-color:rgb(255, 255, 255);padding:20px 5% 20px 5%;\">\n\t\t\t<div class=\"box-text-inner\">\n\t\t\t\t\n\n<h2>NICE OUEST<\/h2>\n<h3><a href=\"http:\/\/goo.gl\/maps\/Iyufk\"><span style=\"color: #333333;\"><span style=\"caret-color: #ffff00;\">Gymnase des Magnolias<\/span><\/span><\/a><\/h3>\n<p class=\"uppercase\"><span style=\"font-size: 100%; color: #333333;\"><a style=\"color: #333333;\" href=\"http:\/\/goo.gl\/maps\/Qbmla\" target=\"_blank\" rel=\"noopener noreferrer\">Bd Napol\u00e9on III 06200 NICE<br \/><\/a><br \/><span style=\"color: #d83131;\"><strong>ENFANTS :<\/strong><\/span> MercREDI 11h00 ET \u00a0Samedi \u00a011h00<\/span><\/p>\n\n\t\t\t<\/div><!-- box-text-inner -->\n\t\t<\/div><!-- box-text -->\n\t<\/div><!-- .box  -->\n\t\n\n<\/div><\/div>\n<div class=\"col medium-6 small-12 large-6\"  ><div class=\"col-inner\" style=\"background-color:rgb(0,0,0);\" >\n\n\t<div class=\"box has-hover   has-hover box-push box-text-bottom\" >\n\n\t\t<div class=\"box-image\" >\n\t\t\t\t\t\t<div class=\"image-zoom image-cover\" style=\"padding-top:70%;\">\n\t\t\t\t<img loading=\"lazy\" decoding=\"async\" width=\"960\" height=\"720\" src=\"http:\/\/taekwondoazursport.com\/wp-content\/uploads\/2019\/09\/rancher-1.jpg\" class=\"attachment- size-\" alt=\"\" srcset=\"http:\/\/taekwondoazursport.com\/wp-content\/uploads\/2019\/09\/rancher-1.jpg 960w, http:\/\/taekwondoazursport.com\/wp-content\/uploads\/2019\/09\/rancher-1-300x225.jpg 300w, http:\/\/taekwondoazursport.com\/wp-content\/uploads\/2019\/09\/rancher-1-768x576.jpg 768w\" sizes=\"auto, (max-width: 960px) 100vw, 960px\" \/>\t\t\t\t\t\t\t\t\t\t\t<\/div>\n\t\t\t\t\t<\/div><!-- box-image -->\n\n\t\t<div class=\"box-text text-center\" style=\"background-color:rgb(255, 255, 255);padding:20px 5% 20px 5%;\">\n\t\t\t<div class=\"box-text-inner\">\n\t\t\t\t\n\n<h2>NICE COLLINES<\/h2>\n<h3><span style=\"color: #333333;\"><span style=\"caret-color: #ffff00;\">Gymnase St Antoine de Ginesti\u00e8re<\/span><\/span><\/h3>\n<p><span style=\"color: #333333;\">13, av. Durandy 06100 NICE<\/span><\/p>\n<p><span style=\"color: #333333;\"><span style=\"color: #d83131;\"><strong>ENFANTS :<\/strong><\/span> Mardi et Vendredi 16h30<\/span><\/p>\n\n\t\t\t<\/div><!-- box-text-inner -->\n\t\t<\/div><!-- box-text -->\n\t<\/div><!-- .box  -->\n\t\n\n<\/div><\/div>\n<div class=\"col medium-6 small-12 large-6\"  ><div class=\"col-inner\" style=\"background-color:rgb(0,0,0);\" >\n\n\n<\/div><\/div>\n<div class=\"col medium-6 small-12 large-6\"  ><div class=\"col-inner\" style=\"background-color:rgb(0,0,0);\" >\n\n\t<div class=\"box has-hover   has-hover box-push box-text-bottom\" >\n\n\t\t<div class=\"box-image\" >\n\t\t\t\t\t\t<div class=\"image-zoom image-cover\" style=\"padding-top:70%;\">\n\t\t\t\t<img loading=\"lazy\" decoding=\"async\" width=\"1124\" height=\"840\" src=\"http:\/\/taekwondoazursport.com\/wp-content\/uploads\/2020\/08\/IMG_1954.jpg\" class=\"attachment- size-\" alt=\"\" srcset=\"http:\/\/taekwondoazursport.com\/wp-content\/uploads\/2020\/08\/IMG_1954.jpg 1124w, http:\/\/taekwondoazursport.com\/wp-content\/uploads\/2020\/08\/IMG_1954-300x224.jpg 300w, http:\/\/taekwondoazursport.com\/wp-content\/uploads\/2020\/08\/IMG_1954-768x574.jpg 768w, http:\/\/taekwondoazursport.com\/wp-content\/uploads\/2020\/08\/IMG_1954-1024x765.jpg 1024w\" sizes=\"auto, (max-width: 1124px) 100vw, 1124px\" \/>\t\t\t\t\t\t\t\t\t\t\t<\/div>\n\t\t\t\t\t<\/div><!-- box-image -->\n\n\t\t<div class=\"box-text text-center\" style=\"background-color:rgb(255, 255, 255);padding:20px 5% 20px 5%;\">\n\t\t\t<div class=\"box-text-inner\">\n\t\t\t\t\n\n<h2>VILLENEUVE-LOUBET<\/h2>\n<h3><span style=\"color: #333333;\"><span style=\"caret-color: #ffff00;\">Salle Marcel Jacques<\/span><\/span><\/h3>\n<p><span style=\"color: #333333;\">897 avenue des plans &#8211; 06270 VILLENEUVE-LOUBET<\/span><\/p>\n<p><span style=\"color: #333333;\"><span style=\"color: #d83131;\"><strong>ADULTES \/ADO : <\/strong><span style=\"color: #000000;\">lundi 20 H 00<\/span><\/span><\/span><\/p>\n<p><span style=\"color: #333333;\"><span style=\"color: #d83131;\"><strong>ENFANTS :<\/strong><\/span> Mercredi 14 H 30 et\u00a0 Samedi 11 H 00<\/span><\/p>\n\n\t\t\t<\/div><!-- box-text-inner -->\n\t\t<\/div><!-- box-text -->\n\t<\/div><!-- .box  -->\n\t\n\n<\/div><\/div>\n<div class=\"col medium-6 small-12 large-6\"  ><div class=\"col-inner\" style=\"background-color:rgb(0,0,0);\" >\n\n\n<\/div><\/div>\n<div class=\"col medium-6 small-12 large-6\"  ><div class=\"col-inner\" style=\"background-color:rgb(0,0,0);\" >\n\n\n<\/div><\/div>\n\n\n<style scope=\"scope\">\n\n#row-1654391242 > .col > .col-inner {\n  background-color: rgb(255,255,255);\n}\n<\/style>\n<\/div>\n\n\t\t<\/div><!-- .section-content -->\n\n\t\t\n<style scope=\"scope\">\n\n#section_1159445365 {\n  padding-top: 50px;\n  padding-bottom: 50px;\n  background-color: rgb(0,0,0);\n}\n<\/style>\n\t<\/section>\n\t\n\t<section class=\"section dark\" id=\"section_767745758\">\n\t\t<div class=\"bg section-bg fill bg-fill  bg-loaded\" >\n\n\t\t\t\n\t\t\t\n\t\t\t\n\n\t\t<\/div><!-- .section-bg -->\n\n\t\t<div class=\"section-content relative\">\n\t\t\t\n\n\n  <div class=\"banner has-hover has-parallax\" id=\"banner-929667551\">\n          <div class=\"banner-inner fill\">\n        <div class=\"banner-bg fill\" data-parallax=\"-3\" data-parallax-container=\".banner\" data-parallax-background>\n            <div class=\"bg fill bg-fill \"><\/div>\n                                    \n                    <\/div><!-- bg-layers -->\n        <div class=\"banner-layers container\">\n            <div class=\"fill banner-link\"><\/div>            \n\n   <div id=\"text-box-1416217360\" class=\"text-box banner-layer x50 md-x50 lg-x50 y50 md-y95 lg-y95 res-text\">\n                                <div class=\"text dark text-shadow-1\">\n              \n              <div class=\"text-inner text-center\">\n                  \n\n<h3 class=\"uppercase\"><span style=\"color: #ffff00;\"><strong>A la pointe de la technologie<\/strong><\/span><\/h3>\n<h4><span style=\"color: #ffff00;\"><strong>Le club dispose de :<\/strong><\/span><\/h4>\n<p class=\"lead\" style=\"text-align: center;\"><span style=\"color: #ffff00;\">une aire de combat officielle\u00a0<\/span><\/p>\n<p class=\"lead\" style=\"text-align: center;\"><span style=\"color: #ffff00;\">plastrons \u00e9lectronique derni\u00e8re g\u00e9n\u00e9ration<\/span><\/p>\n<p class=\"lead\" style=\"text-align: center;\"><span style=\"color: #ffff00;\">casques \u00e9lectronique derni\u00e8re g\u00e9n\u00e9ration<\/span><\/p>\n<p class=\"lead\" style=\"text-align: center;\"><span style=\"color: #ffff00;\">prompteurs d&rsquo;affichage de scores<\/span><\/p>\n\n              <\/div>\n           <\/div><!-- text-box-inner -->\n                            \n<style scope=\"scope\">\n\n#text-box-1416217360 {\n  width: 100%;\n}\n#text-box-1416217360 .text {\n  font-size: 126%;\n}\n\n\n@media (min-width:550px) {\n\n  #text-box-1416217360 {\n    width: 60%;\n  }\n  #text-box-1416217360 .text {\n    font-size: 100%;\n  }\n\n}\n<\/style>\n    <\/div><!-- text-box -->\n \n\n        <\/div><!-- .banner-layers -->\n      <\/div><!-- .banner-inner -->\n\n            \n<style scope=\"scope\">\n\n#banner-929667551 {\n  padding-top: 420px;\n}\n#banner-929667551 .bg.bg-loaded {\n  background-image: url(http:\/\/taekwondoazursport.com\/wp-content\/uploads\/2019\/09\/IMG_1233-1024x768.jpeg);\n}\n<\/style>\n  <\/div><!-- .banner -->\n\n\n<div class=\"video video-fit mb\" style=\"padding-top:56.25%;\"><iframe loading=\"lazy\" title=\"TKD azur sport\" width=\"1020\" height=\"574\" src=\"https:\/\/www.youtube.com\/embed\/umH-R5w8r3k?feature=oembed\" frameborder=\"0\" allow=\"accelerometer; autoplay; encrypted-media; gyroscope; picture-in-picture\" allowfullscreen><\/iframe><\/div>\n\n<div class=\"row\"  id=\"row-1487820969\">\n\n<div class=\"col medium-4 small-12 large-4\"  data-animate=\"fadeInUp\"><div class=\"col-inner\"  >\n\n\n\t\t<div class=\"icon-box featured-box icon-box-left text-left\"  style=\"margin:px px px px;\">\n\t\t\t\t\t<div class=\"icon-box-img has-icon-bg\" style=\"width: 42px\">\n\t\t\t\t<div class=\"icon\">\n\t\t\t\t\t<div class=\"icon-inner\" style=\"border-width:2px;color:rgb(143, 143, 143);\">\n\t\t\t\t\t\t\t\t\t\t\t<\/div>\n\t\t\t\t<\/div>\n\t\t\t<\/div>\n\t\t\t\t<div class=\"icon-box-text last-reset\">\n\t\t\t\t\t\t\t\t\t\n\n<h4><span style=\"color: #ffff00;\">Pratiquez un art martial Olympique !<\/span><\/h4>\n\n\t\t<\/div>\n\t<\/div><!-- .icon-box -->\n\t\n\t\n\n<\/div><\/div>\n<div class=\"col medium-4 small-12 large-4\"  data-animate=\"fadeInUp\"><div class=\"col-inner\"  >\n\n\n\t\t<div class=\"icon-box featured-box icon-box-left text-left\"  style=\"margin:px px px px;\">\n\t\t\t\t\t<div class=\"icon-box-img has-icon-bg\" style=\"width: 42px\">\n\t\t\t\t<div class=\"icon\">\n\t\t\t\t\t<div class=\"icon-inner\" style=\"border-width:2px;color:rgb(143, 143, 143);\">\n\t\t\t\t\t\t\t\t\t\t\t<\/div>\n\t\t\t\t<\/div>\n\t\t\t<\/div>\n\t\t\t\t<div class=\"icon-box-text last-reset\">\n\t\t\t\t\t\t\t\t\t\n\n<h4><span style=\"color: #ffff00;\">Cours adultes et cours enfants<\/span><\/h4>\n\n\t\t<\/div>\n\t<\/div><!-- .icon-box -->\n\t\n\t\n\n<\/div><\/div>\n<div class=\"col medium-4 small-12 large-4\"  data-animate=\"fadeInUp\"><div class=\"col-inner\"  >\n\n\n\t\t<div class=\"icon-box featured-box icon-box-left text-left\"  style=\"margin:px px px px;\">\n\t\t\t\t\t<div class=\"icon-box-img has-icon-bg\" style=\"width: 42px\">\n\t\t\t\t<div class=\"icon\">\n\t\t\t\t\t<div class=\"icon-inner\" style=\"border-width:2px;color:rgb(143, 143, 143);\">\n\t\t\t\t\t\t\t\t\t\t\t<\/div>\n\t\t\t\t<\/div>\n\t\t\t<\/div>\n\t\t\t\t<div class=\"icon-box-text last-reset\">\n\t\t\t\t\t\t\t\t\t\n\n<h4><span style=\"color: #ffff00;\">Taekwondo Traditionnel, cours combats et self d\u00e9fense<\/span><\/h4>\n\n\t\t<\/div>\n\t<\/div><!-- .icon-box -->\n\t\n\t\n\n<\/div><\/div>\n\n<\/div>\n\n\t\t<\/div><!-- .section-content -->\n\n\t\t\n<style scope=\"scope\">\n\n#section_767745758 {\n  padding-top: 0px;\n  padding-bottom: 0px;\n  background-color: rgb(27, 27, 27);\n}\n\n\n@media (min-width:850px) {\n\n  #section_767745758 {\n    padding-top: 60px;\n    padding-bottom: 60px;\n  }\n\n}\n<\/style>\n\t<\/section>\n\t\nInstagram has returned invalid data.\n\n<div class=\"container section-title-container\" ><h3 class=\"section-title section-title-center\"><b><\/b><span class=\"section-title-main\" >Partenaires<\/span><b><\/b><\/h3><\/div><!-- .section-title -->\n\n\n","protected":false},"excerpt":{"rendered":"","protected":false},"author":1,"featured_media":0,"parent":0,"menu_order":0,"comment_status":"closed","ping_status":"closed","template":"page-blank.php","meta":{"footnotes":""},"class_list":["post-1072","page","type-page","status-publish","hentry"],"_links":{"self":[{"href":"http:\/\/taekwondoazursport.com\/index.php?rest_route=\/wp\/v2\/pages\/1072","targetHints":{"allow":["GET"]}}],"collection":[{"href":"http:\/\/taekwondoazursport.com\/index.php?rest_route=\/wp\/v2\/pages"}],"about":[{"href":"http:\/\/taekwondoazursport.com\/index.php?rest_route=\/wp\/v2\/types\/page"}],"author":[{"embeddable":true,"href":"http:\/\/taekwondoazursport.com\/index.php?rest_route=\/wp\/v2\/users\/1"}],"replies":[{"embeddable":true,"href":"http:\/\/taekwondoazursport.com\/index.php?rest_route=%2Fwp%2Fv2%2Fcomments&post=1072"}],"version-history":[{"count":121,"href":"http:\/\/taekwondoazursport.com\/index.php?rest_route=\/wp\/v2\/pages\/1072\/revisions"}],"predecessor-version":[{"id":1555,"href":"http:\/\/taekwondoazursport.com\/index.php?rest_route=\/wp\/v2\/pages\/1072\/revisions\/1555"}],"wp:attachment":[{"href":"http:\/\/taekwondoazursport.com\/index.php?rest_route=%2Fwp%2Fv2%2Fmedia&parent=1072"}],"curies":[{"name":"wp","href":"https:\/\/api.w.org\/{rel}","templated":true}]}}