{"id":15,"date":"2013-09-20T13:31:24","date_gmt":"2013-09-20T12:31:24","guid":{"rendered":"http:\/\/taekwondoazursport.com\/?page_id=15"},"modified":"2019-09-04T16:17:38","modified_gmt":"2019-09-04T15:17:38","slug":"le-club","status":"publish","type":"page","link":"http:\/\/taekwondoazursport.com\/?page_id=15","title":{"rendered":"Le Club"},"content":{"rendered":"<p style=\"text-align: center;\"><strong>1er Club PACA Saison 2011\/2012\/2013 &#8211;&nbsp;2nd Club de France 2013 &#8211; licenci\u00e9<\/strong><\/p>\n<p style=\"text-align: center;\"><a href=\"http:\/\/taekwondoazursport.com\/?attachment_id=577\" rel=\"attachment wp-att-577\"><img loading=\"lazy\" decoding=\"async\" class=\"alignnone size-full wp-image-577\" src=\"http:\/\/taekwondoazursport.com\/wp-content\/uploads\/2019\/09\/logo-taekwondo.jpg\" alt=\"\" width=\"109\" height=\"100\"><\/a><\/p>\n<p style=\"text-align: center;\">Cours collectifs &amp; particuliers&nbsp;\u2022&nbsp;Remise en forme&nbsp;\u2022&nbsp;Ma\u00eetrise de soi<br \/>\nSelf defense&nbsp;\u2022&nbsp;Musculation naturelle<br \/>\nPr\u00e9paration \u00e0 la comp\u00e9tition&nbsp;\u2022&nbsp;Entra\u00eenements ludiques&nbsp;\u2022&nbsp;Pr\u00e9paration \u00e0 la ceinture noire<br \/>\nPr\u00e9parations d\u00e9butantes et avanc\u00e9es&nbsp;\u2022&nbsp;Coaching<\/p>\n","protected":false},"excerpt":{"rendered":"<p>1er Club PACA Saison 2011\/2012\/2013 &#8211;&nbsp;2nd Club de France 2013 &#8211; licenci\u00e9 Cours collectifs &amp; particuliers&nbsp;\u2022&nbsp;Remise en forme&nbsp;\u2022&nbsp;Ma\u00eetrise de soi Self defense&nbsp;\u2022&nbsp;Musculation naturelle Pr\u00e9paration \u00e0 la comp\u00e9tition&nbsp;\u2022&nbsp;Entra\u00eenements ludiques&nbsp;\u2022&nbsp;Pr\u00e9paration \u00e0 la ceinture noire Pr\u00e9parations d\u00e9butantes et avanc\u00e9es&nbsp;\u2022&nbsp;Coaching<\/p>\n","protected":false},"author":1,"featured_media":0,"parent":0,"menu_order":5,"comment_status":"closed","ping_status":"closed","template":"","meta":{"footnotes":""},"class_list":["post-15","page","type-page","status-publish","hentry"],"_links":{"self":[{"href":"http:\/\/taekwondoazursport.com\/index.php?rest_route=\/wp\/v2\/pages\/15","targetHints":{"allow":["GET"]}}],"collection":[{"href":"http:\/\/taekwondoazursport.com\/index.php?rest_route=\/wp\/v2\/pages"}],"about":[{"href":"http:\/\/taekwondoazursport.com\/index.php?rest_route=\/wp\/v2\/types\/page"}],"author":[{"embeddable":true,"href":"http:\/\/taekwondoazursport.com\/index.php?rest_route=\/wp\/v2\/users\/1"}],"replies":[{"embeddable":true,"href":"http:\/\/taekwondoazursport.com\/index.php?rest_route=%2Fwp%2Fv2%2Fcomments&post=15"}],"version-history":[{"count":8,"href":"http:\/\/taekwondoazursport.com\/index.php?rest_route=\/wp\/v2\/pages\/15\/revisions"}],"predecessor-version":[{"id":950,"href":"http:\/\/taekwondoazursport.com\/index.php?rest_route=\/wp\/v2\/pages\/15\/revisions\/950"}],"wp:attachment":[{"href":"http:\/\/taekwondoazursport.com\/index.php?rest_route=%2Fwp%2Fv2%2Fmedia&parent=15"}],"curies":[{"name":"wp","href":"https:\/\/api.w.org\/{rel}","templated":true}]}}