{"id":958,"date":"2019-09-05T10:20:04","date_gmt":"2019-09-05T09:20:04","guid":{"rendered":"http:\/\/taekwondoazursport.com\/?page_id=958"},"modified":"2019-09-26T14:45:44","modified_gmt":"2019-09-26T13:45:44","slug":"boutique","status":"publish","type":"page","link":"http:\/\/taekwondoazursport.com\/?page_id=958","title":{"rendered":"BOUTIQUE"},"content":{"rendered":"\n<div class=\"slider-wrapper relative\" id=\"slider-1829726238\" >\n    <div class=\"slider slider-nav-circle slider-nav-large slider-nav-light slider-style-normal\"\n        data-flickity-options='{\n            \"cellAlign\": \"center\",\n            \"imagesLoaded\": true,\n            \"lazyLoad\": 1,\n            \"freeScroll\": false,\n            \"wrapAround\": true,\n            \"autoPlay\": 6000,\n            \"pauseAutoPlayOnHover\" : true,\n            \"prevNextButtons\": true,\n            \"contain\" : true,\n            \"adaptiveHeight\" : true,\n            \"dragThreshold\" : 10,\n            \"percentPosition\": true,\n            \"pageDots\": true,\n            \"rightToLeft\": false,\n            \"draggable\": true,\n            \"selectedAttraction\": 0.1,\n            \"parallax\" : 0,\n            \"friction\": 0.6        }'\n        >\n        \n\n\n  <div class=\"banner has-hover\" id=\"banner-403678680\">\n          <div class=\"banner-inner fill\">\n        <div class=\"banner-bg fill\" >\n            <div class=\"bg fill bg-fill \"><\/div>\n                        <div class=\"overlay\"><\/div>            \n\t<div class=\"is-border is-dashed\"\n\t\tstyle=\"border-width:2px 2px 2px 2px;margin:10px 10px 10px 10px;\">\n\t<\/div>\n                    <\/div><!-- bg-layers -->\n        <div class=\"banner-layers container\">\n            <div class=\"fill banner-link\"><\/div>            \n\n   <div id=\"text-box-1606518243\" class=\"text-box banner-layer text-box-circle x95 md-x95 lg-x95 y5 md-y5 lg-y5 res-text\">\n                     <div data-animate=\"fadeInRight\">           <div class=\"text dark\">\n              \n\t<div class=\"is-border is-dashed\"\n\t\tstyle=\"border-color:rgba(255, 255, 255, 0.19);border-radius:100px;border-width:2px 2px 2px 2px;margin:5px 5px 5px 5px;\">\n\t<\/div>\n              <div class=\"text-inner text-center\">\n                  \n\n<h3>jusqu&rsquo;\u00e0<br \/><span style=\"font-size: 160%;\"><strong>&#8211; 30<span style=\"font-size: 75%;\">%*<\/span><br \/><\/strong><\/span><\/h3>\n\n              <\/div>\n           <\/div><!-- text-box-inner -->\n       <\/div>                     \n<style scope=\"scope\">\n\n#text-box-1606518243 {\n  width: 29%;\n}\n#text-box-1606518243 .text {\n  font-size: 100%;\n  transform: rotate(1deg);\n}\n\n\n@media (min-width:550px) {\n\n  #text-box-1606518243 {\n    width: 15%;\n  }\n\n}\n<\/style>\n    <\/div><!-- text-box -->\n \n   <div id=\"text-box-1172640692\" class=\"text-box banner-layer x50 md-x50 lg-x50 y50 md-y50 lg-y50 res-text\">\n                     <div data-animate=\"flipInY\">           <div class=\"text dark\">\n              \n              <div class=\"text-inner text-center\">\n                  \n\n<p><span style=\"font-size: 130%; color: #333333;\">Besoin de mat\u00e9riel ? de protections ? \u00a0renouvellement de votre dobok ? vous souhaitez fi\u00e8rement arborer les couleurs de votre club dans le surv\u00eatement officiel floqu\u00e9 \u00e0 votre pr\u00e9nom ?\u00a0<\/span><\/p>\n<p><span style=\"font-size: 130%; color: #333333;\">Vous trouverez dans cette section tous les bons de commandes \u00e0 imprimer , remplir et \u00a0remettre au professeur qui se chargera de tout .<\/span><\/p>\n<p>\u00a0<\/p>\n<div class=\"gap-element clearfix\" style=\"display:block; height:auto; padding-top:23px\"><\/div>\n\n\n              <\/div>\n           <\/div><!-- text-box-inner -->\n       <\/div>                     \n<style scope=\"scope\">\n\n#text-box-1172640692 {\n  width: 84%;\n}\n#text-box-1172640692 .text {\n  font-size: 111%;\n}\n\n\n@media (min-width:550px) {\n\n  #text-box-1172640692 {\n    width: 57%;\n  }\n  #text-box-1172640692 .text {\n    font-size: 100%;\n  }\n\n}\n<\/style>\n    <\/div><!-- text-box -->\n \n\n        <\/div><!-- .banner-layers -->\n      <\/div><!-- .banner-inner -->\n\n            \n<style scope=\"scope\">\n\n#banner-403678680 {\n  padding-top: 600px;\n}\n#banner-403678680 .overlay {\n  background-color: rgba(246, 208, 45, 0.94);\n}\n<\/style>\n  <\/div><!-- .banner -->\n\n\n\n     <\/div>\n\n     <div class=\"loading-spin dark large centered\"><\/div>\n\n     <style scope=\"scope\">\n             <\/style>\n<\/div><!-- .ux-slider-wrapper -->\n\n\n<div class=\"row row-box-shadow-1 row-box-shadow-5-hover\"  id=\"row-541930353\">\n\n<div class=\"col medium-4 small-12 large-4\"  ><div class=\"col-inner\"  >\n\n\t<div class=\"box has-hover   has-hover box-text-bottom\" >\n\n\t\t<div class=\"box-image\" >\n\t\t\t\t\t\t<div class=\"\" >\n\t\t\t\t<img loading=\"lazy\" decoding=\"async\" width=\"668\" height=\"422\" src=\"http:\/\/taekwondoazursport.com\/wp-content\/uploads\/2019\/09\/Capture-d\u2019\u00e9cran-2019-09-26-\u00e0-14.48.51.png\" class=\"attachment- size-\" alt=\"\" srcset=\"http:\/\/taekwondoazursport.com\/wp-content\/uploads\/2019\/09\/Capture-d\u2019\u00e9cran-2019-09-26-\u00e0-14.48.51.png 668w, http:\/\/taekwondoazursport.com\/wp-content\/uploads\/2019\/09\/Capture-d\u2019\u00e9cran-2019-09-26-\u00e0-14.48.51-300x190.png 300w\" sizes=\"auto, (max-width: 668px) 100vw, 668px\" \/>\t\t\t\t\t\t\t\t\t\t\t<\/div>\n\t\t\t\t\t<\/div><!-- box-image -->\n\n\t\t<div class=\"box-text text-center\" >\n\t\t\t<div class=\"box-text-inner\">\n\t\t\t\t\n\n<p><span style=\"color: #282828;\"><strong>Plastrons r\u00e9versibles enfants \/ adultes : 45 \u20ac<\/strong><\/span><\/p>\n\n\t\t\t<\/div><!-- box-text-inner -->\n\t\t<\/div><!-- box-text -->\n\t<\/div><!-- .box  -->\n\t\n\t<div class=\"box has-hover   has-hover box-text-bottom\" >\n\n\t\t<div class=\"box-image\" >\n\t\t\t\t\t\t<div class=\"\" >\n\t\t\t\t<img loading=\"lazy\" decoding=\"async\" width=\"522\" height=\"410\" src=\"http:\/\/taekwondoazursport.com\/wp-content\/uploads\/2019\/09\/Capture-d\u2019\u00e9cran-2019-09-26-\u00e0-14.49.14.png\" class=\"attachment- size-\" alt=\"\" srcset=\"http:\/\/taekwondoazursport.com\/wp-content\/uploads\/2019\/09\/Capture-d\u2019\u00e9cran-2019-09-26-\u00e0-14.49.14.png 522w, http:\/\/taekwondoazursport.com\/wp-content\/uploads\/2019\/09\/Capture-d\u2019\u00e9cran-2019-09-26-\u00e0-14.49.14-300x236.png 300w\" sizes=\"auto, (max-width: 522px) 100vw, 522px\" \/>\t\t\t\t\t\t\t\t\t\t\t<\/div>\n\t\t\t\t\t<\/div><!-- box-image -->\n\n\t\t<div class=\"box-text text-center\" >\n\t\t\t<div class=\"box-text-inner\">\n\t\t\t\t\n\n<p>\u00a0<\/p>\n<h4>Chaussures de Taekwondo taille 33 \u00e0 45 : 35 \u20ac<\/h4>\n\n\t\t\t<\/div><!-- box-text-inner -->\n\t\t<\/div><!-- box-text -->\n\t<\/div><!-- .box  -->\n\t\n\t<div class=\"box has-hover   has-hover box-text-bottom\" >\n\n\t\t<div class=\"box-image\" >\n\t\t\t\t\t\t<div class=\"\" >\n\t\t\t\t<img loading=\"lazy\" decoding=\"async\" width=\"560\" height=\"494\" src=\"http:\/\/taekwondoazursport.com\/wp-content\/uploads\/2019\/09\/Capture-d\u2019\u00e9cran-2019-09-26-\u00e0-14.49.07.png\" class=\"attachment- size-\" alt=\"\" srcset=\"http:\/\/taekwondoazursport.com\/wp-content\/uploads\/2019\/09\/Capture-d\u2019\u00e9cran-2019-09-26-\u00e0-14.49.07.png 560w, http:\/\/taekwondoazursport.com\/wp-content\/uploads\/2019\/09\/Capture-d\u2019\u00e9cran-2019-09-26-\u00e0-14.49.07-300x265.png 300w\" sizes=\"auto, (max-width: 560px) 100vw, 560px\" \/>\t\t\t\t\t\t\t\t\t\t\t<\/div>\n\t\t\t\t\t<\/div><!-- box-image -->\n\n\t\t<div class=\"box-text text-center\" >\n\t\t\t<div class=\"box-text-inner\">\n\t\t\t\t\n\n<p><span style=\"color: #282828;\"><strong>coquille homme : 25 \u20ac\u00a0<\/strong><\/span><\/p>\n\n\t\t\t<\/div><!-- box-text-inner -->\n\t\t<\/div><!-- box-text -->\n\t<\/div><!-- .box  -->\n\t\n\n<\/div><\/div>\n<div class=\"col medium-4 small-12 large-4\"  ><div class=\"col-inner\"  >\n\n\t<div class=\"box has-hover   has-hover box-text-bottom\" >\n\n\t\t<div class=\"box-image\" >\n\t\t\t\t\t\t<div class=\"\" >\n\t\t\t\t<img loading=\"lazy\" decoding=\"async\" width=\"502\" height=\"494\" src=\"http:\/\/taekwondoazursport.com\/wp-content\/uploads\/2019\/09\/Capture-d\u2019\u00e9cran-2019-09-26-\u00e0-14.49.00.png\" class=\"attachment- size-\" alt=\"\" srcset=\"http:\/\/taekwondoazursport.com\/wp-content\/uploads\/2019\/09\/Capture-d\u2019\u00e9cran-2019-09-26-\u00e0-14.49.00.png 502w, http:\/\/taekwondoazursport.com\/wp-content\/uploads\/2019\/09\/Capture-d\u2019\u00e9cran-2019-09-26-\u00e0-14.49.00-300x295.png 300w\" sizes=\"auto, (max-width: 502px) 100vw, 502px\" \/>\t\t\t\t\t\t\t\t\t\t\t<\/div>\n\t\t\t\t\t<\/div><!-- box-image -->\n\n\t\t<div class=\"box-text text-center\" >\n\t\t\t<div class=\"box-text-inner\">\n\t\t\t\t\n\n<p><span style=\"color: #282828;\"><strong>casques enfants \/ adultes S,M,L,XL : 40 \u20ac\u00a0<\/strong><\/span><\/p>\n\n\t\t\t<\/div><!-- box-text-inner -->\n\t\t<\/div><!-- box-text -->\n\t<\/div><!-- .box  -->\n\t\n\t<div class=\"box has-hover   has-hover box-text-bottom\" >\n\n\t\t<div class=\"box-image\" >\n\t\t\t\t\t\t<div class=\"\" >\n\t\t\t\t<img loading=\"lazy\" decoding=\"async\" width=\"486\" height=\"418\" src=\"http:\/\/taekwondoazursport.com\/wp-content\/uploads\/2019\/09\/Capture-d\u2019\u00e9cran-2019-09-26-\u00e0-14.49.04.png\" class=\"attachment- size-\" alt=\"\" srcset=\"http:\/\/taekwondoazursport.com\/wp-content\/uploads\/2019\/09\/Capture-d\u2019\u00e9cran-2019-09-26-\u00e0-14.49.04.png 486w, http:\/\/taekwondoazursport.com\/wp-content\/uploads\/2019\/09\/Capture-d\u2019\u00e9cran-2019-09-26-\u00e0-14.49.04-300x258.png 300w\" sizes=\"auto, (max-width: 486px) 100vw, 486px\" \/>\t\t\t\t\t\t\t\t\t\t\t<\/div>\n\t\t\t\t\t<\/div><!-- box-image -->\n\n\t\t<div class=\"box-text text-center\" >\n\t\t\t<div class=\"box-text-inner\">\n\t\t\t\t\n\n<p><span style=\"color: #282828;\"><strong>pack protections tibias \/ avants bras : 40 \u20ac\u00a0<\/strong><\/span><\/p>\n\n\t\t\t<\/div><!-- box-text-inner -->\n\t\t<\/div><!-- box-text -->\n\t<\/div><!-- .box  -->\n\t\n\t<div class=\"box has-hover   has-hover box-text-bottom\" >\n\n\t\t<div class=\"box-image\" >\n\t\t\t\t\t\t<div class=\"\" >\n\t\t\t\t<img loading=\"lazy\" decoding=\"async\" width=\"518\" height=\"448\" src=\"http:\/\/taekwondoazursport.com\/wp-content\/uploads\/2019\/09\/Capture-d\u2019\u00e9cran-2019-09-26-\u00e0-14.48.56.png\" class=\"attachment- size-\" alt=\"\" srcset=\"http:\/\/taekwondoazursport.com\/wp-content\/uploads\/2019\/09\/Capture-d\u2019\u00e9cran-2019-09-26-\u00e0-14.48.56.png 518w, http:\/\/taekwondoazursport.com\/wp-content\/uploads\/2019\/09\/Capture-d\u2019\u00e9cran-2019-09-26-\u00e0-14.48.56-300x259.png 300w\" sizes=\"auto, (max-width: 518px) 100vw, 518px\" \/>\t\t\t\t\t\t\t\t\t\t\t<\/div>\n\t\t\t\t\t<\/div><!-- box-image -->\n\n\t\t<div class=\"box-text text-center\" >\n\t\t\t<div class=\"box-text-inner\">\n\t\t\t\t\n\n<p><strong><span style=\"color: #282828;\">protection pelvienne ( coquille femme ) : 25 \u20ac<\/span><\/strong><\/p>\n\n\t\t\t<\/div><!-- box-text-inner -->\n\t\t<\/div><!-- box-text -->\n\t<\/div><!-- .box  -->\n\t\n\n<\/div><\/div>\n<div class=\"col medium-4 small-12 large-4\"  ><div class=\"col-inner\"  >\n\n\t<div class=\"box has-hover   has-hover box-text-bottom\" >\n\n\t\t<div class=\"box-image\" >\n\t\t\t\t\t\t<div class=\"\" >\n\t\t\t\t<img loading=\"lazy\" decoding=\"async\" width=\"556\" height=\"460\" src=\"http:\/\/taekwondoazursport.com\/wp-content\/uploads\/2019\/09\/Capture-d\u2019\u00e9cran-2019-09-26-\u00e0-14.49.11.png\" class=\"attachment- size-\" alt=\"\" srcset=\"http:\/\/taekwondoazursport.com\/wp-content\/uploads\/2019\/09\/Capture-d\u2019\u00e9cran-2019-09-26-\u00e0-14.49.11.png 556w, http:\/\/taekwondoazursport.com\/wp-content\/uploads\/2019\/09\/Capture-d\u2019\u00e9cran-2019-09-26-\u00e0-14.49.11-300x248.png 300w\" sizes=\"auto, (max-width: 556px) 100vw, 556px\" \/>\t\t\t\t\t\t\t\t\t\t\t<\/div>\n\t\t\t\t\t<\/div><!-- box-image -->\n\n\t\t<div class=\"box-text text-center\" >\n\t\t\t<div class=\"box-text-inner\">\n\t\t\t\t\n\n<p>\u00a0<\/p>\n<h4><span style=\"color: #282828;\"><strong>Mitaines ( prot\u00e8ges mains ) : 25 \u20ac<\/strong><\/span><\/h4>\n\n\t\t\t<\/div><!-- box-text-inner -->\n\t\t<\/div><!-- box-text -->\n\t<\/div><!-- .box  -->\n\t\n\t<div class=\"box has-hover   has-hover box-text-bottom\" >\n\n\t\t<div class=\"box-image\" >\n\t\t\t\t\t\t<div class=\"\" >\n\t\t\t\t<img loading=\"lazy\" decoding=\"async\" width=\"538\" height=\"572\" src=\"http:\/\/taekwondoazursport.com\/wp-content\/uploads\/2019\/09\/Capture-d\u2019\u00e9cran-2019-09-26-\u00e0-14.49.23.png\" class=\"attachment- size-\" alt=\"\" srcset=\"http:\/\/taekwondoazursport.com\/wp-content\/uploads\/2019\/09\/Capture-d\u2019\u00e9cran-2019-09-26-\u00e0-14.49.23.png 538w, http:\/\/taekwondoazursport.com\/wp-content\/uploads\/2019\/09\/Capture-d\u2019\u00e9cran-2019-09-26-\u00e0-14.49.23-282x300.png 282w\" sizes=\"auto, (max-width: 538px) 100vw, 538px\" \/>\t\t\t\t\t\t\t\t\t\t\t<\/div>\n\t\t\t\t\t<\/div><!-- box-image -->\n\n\t\t<div class=\"box-text text-center\" >\n\t\t\t<div class=\"box-text-inner\">\n\t\t\t\t\n\n<p><span style=\"color: #282828;\"><strong>casque \u00e0 bulle ( obligatoire en comp\u00e9tition \u00e0 partir de 12 ans ) 65 \u20ac\u00a0<\/strong><\/span><\/p>\n\n\t\t\t<\/div><!-- box-text-inner -->\n\t\t<\/div><!-- box-text -->\n\t<\/div><!-- .box  -->\n\t\n\n<\/div><\/div>\n\n\n<style scope=\"scope\">\n\n<\/style>\n<\/div>\n<a class=\"button primary expand\"  >\n    <span>IMPRIMEZ LE BON DE COMMANDE CI-DESSOUS ET REMETTEZ LE REMPLIT AU PROFESSEUR DE VOTRE SECTION<\/span>\n  <i class=\"icon-shopping-bag\" ><\/i><\/a>\n\n\n\t<div class=\"img has-hover x md-x lg-x y md-y lg-y\" id=\"image_877444117\">\n\t\t\t\t\t\t\t\t<div class=\"img-inner dark\" >\n\t\t\t<img loading=\"lazy\" decoding=\"async\" width=\"723\" height=\"1024\" src=\"http:\/\/taekwondoazursport.com\/wp-content\/uploads\/2019\/09\/Capture-d\u2019\u00e9cran-2019-09-26-\u00e0-15.33.12-723x1024.png\" class=\"attachment-large size-large\" alt=\"\" srcset=\"http:\/\/taekwondoazursport.com\/wp-content\/uploads\/2019\/09\/Capture-d\u2019\u00e9cran-2019-09-26-\u00e0-15.33.12-723x1024.png 723w, http:\/\/taekwondoazursport.com\/wp-content\/uploads\/2019\/09\/Capture-d\u2019\u00e9cran-2019-09-26-\u00e0-15.33.12-212x300.png 212w, http:\/\/taekwondoazursport.com\/wp-content\/uploads\/2019\/09\/Capture-d\u2019\u00e9cran-2019-09-26-\u00e0-15.33.12-768x1087.png 768w, http:\/\/taekwondoazursport.com\/wp-content\/uploads\/2019\/09\/Capture-d\u2019\u00e9cran-2019-09-26-\u00e0-15.33.12.png 1986w\" sizes=\"auto, (max-width: 723px) 100vw, 723px\" \/>\t\t\t\t\t\t\n\t\t\t\t\t<\/div>\n\t\t\t\t\t\t\t\t\n<style scope=\"scope\">\n\n#image_877444117 {\n  width: 100%;\n}\n<\/style>\n\t<\/div>\n\t\n\n\n","protected":false},"excerpt":{"rendered":"","protected":false},"author":1,"featured_media":0,"parent":0,"menu_order":0,"comment_status":"closed","ping_status":"closed","template":"page-blank.php","meta":{"footnotes":""},"class_list":["post-958","page","type-page","status-publish","hentry"],"_links":{"self":[{"href":"http:\/\/taekwondoazursport.com\/index.php?rest_route=\/wp\/v2\/pages\/958","targetHints":{"allow":["GET"]}}],"collection":[{"href":"http:\/\/taekwondoazursport.com\/index.php?rest_route=\/wp\/v2\/pages"}],"about":[{"href":"http:\/\/taekwondoazursport.com\/index.php?rest_route=\/wp\/v2\/types\/page"}],"author":[{"embeddable":true,"href":"http:\/\/taekwondoazursport.com\/index.php?rest_route=\/wp\/v2\/users\/1"}],"replies":[{"embeddable":true,"href":"http:\/\/taekwondoazursport.com\/index.php?rest_route=%2Fwp%2Fv2%2Fcomments&post=958"}],"version-history":[{"count":3,"href":"http:\/\/taekwondoazursport.com\/index.php?rest_route=\/wp\/v2\/pages\/958\/revisions"}],"predecessor-version":[{"id":1231,"href":"http:\/\/taekwondoazursport.com\/index.php?rest_route=\/wp\/v2\/pages\/958\/revisions\/1231"}],"wp:attachment":[{"href":"http:\/\/taekwondoazursport.com\/index.php?rest_route=%2Fwp%2Fv2%2Fmedia&parent=958"}],"curies":[{"name":"wp","href":"https:\/\/api.w.org\/{rel}","templated":true}]}}